(n) = -n**2 + 6*n + 5. Suppose -7 = o - 2*l, -3*o + 11 - 42 = -l. Let m = 15 + o. What is the tens digit of w(m)?
1
Let m(t) = -6*t**3 - 5*t - 5. What is the units digit of m(-2)?
3
Let o be 231/5 - (-8)/(-40). Suppose 4*j - 5*b + 1 = o, -3*j - 2*b = -51. What is the units digit of j?
5
Let p(i) = -i**3 + 4*i**2 + 5*i + 3. Let m(h) be the third derivative of -h**4/24 + h**3/3 - 3*h**2. Let o be m(-3). What is the units digit of p(o)?
3
Let m be -1180 + (-2 - 9/(-3)). What is the units digit of (-4)/(-14) - m/63?
9
Let y be (-4)/(-5)*(-10)/(-1). Suppose 0*n - y = -n. What is the units digit of n?
8
Let t(l) = -2*l - 1. Suppose -b = -2*b - 2. Let f be t(b). Suppose 2*r + 4*a = -1 + 23, f*r = 3*a + 69. What is the tens digit of r?
1
What is the units digit of (-3)/((-3)/5)*4?
0
Let g(x) = 13 + x**3 + 2 + 3 - 9. Let i = -2 + 2. What is the units digit of g(i)?
9
Let i = 5 - 0. Let n = 6 + i. Let p = n - 7. What is the units digit of p?
4
Suppose 4*r - 33 - 15 = 0. Suppose 3*v - 4*v = 4*f - r, 0 = -4*f - 4*v. What is the units digit of f?
4
Suppose -4*u - 4*r + 200 = 0, -4*u + 5*r - 91 + 246 = 0. What is the units digit of u?
5
Let n(x) be the third derivative of x**5/60 - x**4/4 + 4*x**3/3 - 3*x**2. Let v = 6 - 0. What is the units digit of n(v)?
8
Let s(v) = -v + 7. Let c be s(3). Let a = 5 - c. Suppose 0 = -5*j + 4 + a. What is the units digit of j?
1
Let p be (1 + 6/(-4))*2. Let v be (p/3)/(3/(-9)). Suppose -f + 5 = v. What is the units digit of f?
4
Let m(j) be the third derivative of j**5/60 + 7*j**4/24 + 5*j**3/3 + 4*j**2. What is the units digit of m(-7)?
0
Suppose 3*m = -3*x + 69, x - m = 6*x - 99. What is the tens digit of x?
1
Suppose 9 = z + 4*l, -2*l + 60 = 4*z + 2*l. What is the tens digit of z?
1
Suppose -2*o + 20 = -5*k, 2*k + 25 + 4 = 5*o. Suppose t - o = 6. What is the tens digit of t?
1
Suppose 813 - 188 = 5*k. Suppose 0 = 5*c + 15 - k. What is the units digit of c?
2
Let h(b) = -b**2 - 6*b - 5. Let f(i) = i**2 - 4*i + 3. Let q be f(4). Suppose -d - 16 = q*d. What is the units digit of h(d)?
3
Let a(n) = 5*n - 1. Let q be a(1). Suppose -6 = -2*h + 2*i, h - 4*i - q = -h. What is the units digit of h?
4
Suppose -b - 84 = -3*k + k, -5*k + 224 = b. What is the tens digit of k?
4
Suppose -2*p = -7*p. Suppose -4*m + 2*s = 0, p = -4*m - 0*m + 4*s. Let h = m + 1. What is the units digit of h?
1
Let l = 15 - -20. What is the tens digit of l?
3
Let p(w) = w**2 + w + 15. Suppose 3*f = -2*f. What is the tens digit of p(f)?
1
Let z(h) = 18*h + 9. What is the tens digit of z(6)?
1
Let x = -321 - -511. What is the hundreds digit of x?
1
Suppose 3*q + 2*n = 7*n + 29, -4*q - n = -8. Suppose 5*d - 2 = q*d. What is the units digit of d?
1
Suppose 3*m - 36 = q, -6*q - m = -3*q + 58. Let y = -2 - q. What is the units digit of y?
9
Let b be 4/10 + 56/35. Let v = 1 - b. What is the tens digit of -3*v*(-14)/(-3)?
1
Suppose 2*q + 0*t + t - 28 = 0, 24 = 3*q - 3*t. Suppose -p + 34 = q. What is the units digit of p?
2
Suppose -156 + 1 = -5*f. Suppose 4*v - 2 + 24 = 2*b, -3*b - f = 2*v. Let g = v - -14. What is the units digit of g?
6
Suppose 2*a = -3*h + 337, -h - h = -3*a + 512. What is the hundreds digit of a?
1
Suppose 4*j - 3*t + 0 = -1, j + 4*t - 14 = 0. What is the units digit of (-1)/(((-4)/50)/j)?
5
What is the tens digit of (-1*3)/((-18)/162)?
2
What is the tens digit of (-2)/(16/12)*(-268)/6?
6
Let s = 10 + 1. Let k = s - 3. What is the units digit of k?
8
Let h = -2 - -2. Suppose d + 1 - 11 = h. Suppose -2*g = 2*y - d, -19 = -5*y - 0*y + g. What is the units digit of y?
4
Let g(r) = 2*r + 3. Let l = -6 - -10. Let q be g(l). Let m = 19 - q. What is the units digit of m?
8
Let n(p) = 50*p**2 + 3*p - 7. What is the hundreds digit of n(2)?
1
Let r = -9 - -17. Suppose 15 = 3*f + 2*k, -5*k + k = 0. Suppose r = f*p - 4*p. What is the units digit of p?
8
Suppose -60 = -3*g - g. What is the tens digit of g?
1
Let y be (2/(-3))/(12/(-54)). Suppose -3*m + y + 24 = 0. What is the units digit of m?
9
Let s(a) = 4*a**2 - 2*a + 1. Let y be 3*(4/12 - 1). What is the tens digit of s(y)?
2
Let m = 11 + -8. Let s(u) = -u**3 - u**2 + u. Let d(i) = 5*i**3 - i**2 + i - 2. Let f(w) = -d(w) - 4*s(w). What is the units digit of f(m)?
5
Suppose 2*t = -2*t + 4. Let l = t - -13. What is the tens digit of l?
1
Let f = 169 + -83. Let x = f - 54. What is the tens digit of x?
3
Let x(g) = -g**2 + 3. Let b be x(4). Let a = 12 - b. Let q = -17 + a. What is the units digit of q?
8
Let d be ((-21)/(-12))/(1/4). Suppose 2*b + 26 = 2*g, -3*b - d - 2 = -g. Let f = g + -4. What is the units digit of f?
1
Let l = 299 - 182. What is the tens digit of l?
1
Let h(r) = -r + 2. Let v be h(-2). Suppose -4*i - i = -2*m + 22, -44 = -v*m - 5*i. Suppose f + 2*z = -5, 5*f + 2*z = 4 + m. What is the units digit of f?
5
Let d(w) = -w**3 - 5*w**2 + 4*w + 11. What is the tens digit of d(-6)?
2
Suppose 2*g = -3*g + 10. Let i(x) = g*x + 4 - 3*x - x**2 + 2*x**2 - 1. What is the tens digit of i(4)?
1
Suppose t - 2*c = 17, -5*t + 5*c - 2*c = -106. What is the tens digit of t?
2
Let k(g) = -2*g - 4. Let w = 0 + -6. What is the units digit of k(w)?
8
Let g(u) = -u**2 - 9*u - 1. Let v be ((-20)/6)/(8/(-12)). Suppose -v*f - 39 = -4. What is the units digit of g(f)?
3
Let v be (16/10)/(2/(-20)). Let y = v + 34. Let z = -13 + y. What is the units digit of z?
5
Let k be ((-6)/(-15))/(2/10). Suppose -4*q + 16 = 2*z, -k*z = -5*q - z + 34. What is the units digit of q?
6
Let h(l) = 2*l**3 - 3*l**2. Let s be h(2). Suppose 7 = -3*q - 5. Let o = s - q. What is the units digit of o?
8
Suppose -2*d = -4*d + 52. What is the units digit of d?
6
Let o be 1 + 1 + -3 + 1. Let g(s) = s + 3. What is the units digit of g(o)?
3
Suppose -25*a + 23*a + 208 = 0. What is the units digit of a?
4
Suppose 0 = s - 29 - 13. What is the units digit of s?
2
Let t(j) = 5*j + 78. What is the units digit of t(0)?
8
Let s(l) = l**2 - 4*l + 4. Let t be s(4). Let p(y) = 3*y**2 - 3*y - 1. What is the tens digit of p(t)?
3
What is the units digit of 5 + (-3)/6*-6?
8
Suppose 3*t = -8 + 2. Let q = t + 5. What is the units digit of q?
3
What is the units digit of (56/3)/(7/(-63)*-3)?
6
Let q be (-3 - 1)/((-12)/42). Suppose -2*n - 2 + q = 0. Suppose -2*y = -3*y + n. What is the units digit of y?
6
Suppose w = 2 - 0. Let g = w + 5. What is the units digit of g?
7
Let n = -12 - -32. What is the units digit of n?
0
Let o = 8 - -5. Suppose -j + 2 = -4. Let k = o - j. What is the units digit of k?
7
Let y(p) be the first derivative of 1/2*p**2 - 4 + p - 1/3*p**3 - p**4. What is the units digit of y(-1)?
3
Suppose 0*f - 11 = 3*f - 4*w, 5*f + w = -26. Let b(x) = x**2 + 5*x + 6. Let i be b(f). Let k = i + -1. What is the units digit of k?
5
Let p = -66 - -128. What is the units digit of p?
2
Let f be 1/(-2) + 21/(-6). Let x = 0 + f. What is the tens digit of x/(2*(-3)/15)?
1
Suppose -4*d + 2*j = -0*j - 164, -2*j + 94 = 2*d. What is the tens digit of d?
4
Let o = -78 + 94. What is the units digit of o?
6
Let n(r) be the first derivative of -1/3*r**3 - 2 + 9/2*r**2 + 2*r. What is the units digit of n(9)?
2
Let a = -92 + 141. What is the units digit of a?
9
Let z(a) = 5*a - 10. What is the tens digit of z(5)?
1
Suppose 0 = -5*o - 2*j + 4*j + 179, 2*o + 4*j - 86 = 0. Let d = o + -22. What is the tens digit of d?
1
Suppose 2*a + 2 = 2*p, 2*a + 3*p = a + 11. Suppose -2*j + a - 17 = -s, -s - 3*j + 5 = 0. Let l = s - 9. What is the units digit of l?
2
What is the units digit of (-18)/(-42) - (-193)/7?
8
Let o = -107 + 157. What is the units digit of o?
0
Let z = 8 + -5. Let m = -4 - -9. Suppose 0 = -z*i + m*i - 2. What is the units digit of i?
1
Let m = 8 + -3. Suppose -a - m = -25. What is the units digit of a?
0
Let q(p) = 4*p**2 + 4*p + 2. Let z be q(-2). Let d = 13 - z. What is the units digit of d?
3
Let m(k) = -k**3 - 3*k**2 + 4*k + 5. What is the units digit of m(-4)?
5
Let t(v) = -v**2 - 7*v - 7. Let d be t(-5). Suppose -40 = -2*l - d*l. What is the units digit of l?
8
Let y be ((-14)/35)/((-1)/180). Suppose s + y = 3*s. What is the units digit of s?
6
Suppose 0 = -0*l + l - 277. What is the units digit of l?
7
Let x(r) = -r**3 - 3*r**2 - 3*r. Let q be x(-2). Suppose -3*a - 2*h + 18 = h, -36 = -4*a + q*h. What is the units digit of a?
8
Let c be ((-10)/7)